highest common divisor of 562032 and 9107?
1301
Calculate the greatest common factor of 830 and 778.
2
What is the highest common factor of 338 and 279526?
338
What is the highest common factor of 23553 and 144?
9
What is the greatest common factor of 735 and 37245?
15
Calculate the greatest common factor of 45564 and 12.
12
Calculate the highest common divisor of 42140 and 3185.
245
Calculate the greatest common divisor of 3252 and 24.
12
Calculate the greatest common factor of 18054 and 918.
306
What is the greatest common factor of 36 and 148740?
12
What is the highest common factor of 1110525 and 1742?
871
Calculate the greatest common divisor of 481212 and 36.
36
What is the highest common factor of 28575 and 1651?
127
Calculate the highest common divisor of 72589 and 33.
11
Calculate the highest common divisor of 54 and 8331849.
27
What is the highest common factor of 75 and 363?
3
What is the greatest common divisor of 70 and 3556?
14
Calculate the highest common divisor of 7700 and 1387100.
1100
What is the highest common factor of 1975 and 126825?
25
What is the highest common factor of 606 and 1434?
6
What is the greatest common factor of 760 and 4655?
95
Calculate the highest common divisor of 60 and 47895.
15
Calculate the highest common divisor of 5248 and 78556.
164
What is the greatest common divisor of 24 and 143472?
24
Calculate the highest common divisor of 100 and 423380.
20
What is the highest common factor of 406306 and 446?
446
Calculate the highest common divisor of 97 and 307393.
97
What is the greatest common factor of 194161 and 228?
19
Calculate the greatest common factor of 8775200 and 1600.
800
What is the greatest common divisor of 80 and 264620?
20
What is the greatest common divisor of 2 and 4162?
2
Calculate the highest common factor of 130950 and 25026.
582
What is the highest common divisor of 410311 and 242?
121
Calculate the greatest common factor of 49 and 9793.
7
What is the greatest common divisor of 268525 and 2760?
115
What is the highest common divisor of 174 and 318?
6
Calculate the greatest common divisor of 440 and 395.
5
What is the greatest common factor of 521292 and 780?
12
What is the greatest common divisor of 1038 and 14935782?
1038
What is the greatest common factor of 508088 and 3010?
602
Calculate the greatest common factor of 1032559 and 1221.
407
Calculate the highest common divisor of 1072 and 1009556.
268
What is the highest common factor of 88 and 69355?
11
What is the greatest common divisor of 43 and 546100?
43
What is the greatest common factor of 1312 and 29728?
32
What is the greatest common divisor of 92933 and 7472?
467
What is the greatest common factor of 2166 and 3306038?
722
Calculate the greatest common divisor of 1216536 and 240.
24
What is the greatest common factor of 106 and 179458?
106
Calculate the highest common factor of 4631198 and 286.
286
What is the greatest common factor of 6072 and 1984026?
1518
Calculate the greatest common divisor of 147 and 2454711.
21
Calculate the highest common divisor of 451 and 15211.
41
Calculate the highest common divisor of 1569 and 336.
3
Calculate the highest common divisor of 476689 and 2.
1
Calculate the greatest common factor of 78 and 114.
6
What is the greatest common divisor of 47880 and 380?
380
Calculate the greatest common factor of 481 and 111703.
37
Calculate the greatest common divisor of 556 and 125378.
278
What is the highest common divisor of 10491 and 390?
39
Calculate the highest common factor of 300 and 17304.
12
What is the highest common divisor of 1001 and 21875?
7
Calculate the greatest common factor of 21528 and 41676.
276
What is the greatest common factor of 210 and 804?
6
What is the highest common factor of 21 and 817229?
7
Calculate the greatest common divisor of 12738 and 1606.
22
Calculate the highest common factor of 3624775 and 17754.
2959
What is the greatest common divisor of 12 and 2949?
3
What is the highest common factor of 180980 and 490?
10
What is the greatest common divisor of 80283 and 35?
7
What is the greatest common factor of 54580 and 470?
10
Calculate the greatest common divisor of 6256 and 79304.
184
What is the highest common factor of 195 and 16445?
65
Calculate the greatest common factor of 93 and 84506.
31
Calculate the greatest common divisor of 368914 and 546.
182
What is the greatest common divisor of 1950 and 6800?
50
What is the greatest common factor of 26134 and 5402?
146
Calculate the highest common divisor of 3040048 and 368.
368
What is the highest common factor of 225 and 555?
15
Calculate the highest common divisor of 88 and 427438.
22
Calculate the highest common factor of 112 and 157552.
16
What is the greatest common factor of 27 and 36384?
3
What is the greatest common factor of 8990 and 775?
155
Calculate the greatest common divisor of 128 and 400.
16
Calculate the highest common factor of 248 and 14074.
62
What is the greatest common factor of 1181952 and 19?
19
Calculate the highest common divisor of 5340 and 96.
12
Calculate the highest common divisor of 173979 and 143.
13
What is the greatest common factor of 304 and 158992?
304
What is the greatest common factor of 736 and 543168?
736
What is the highest common factor of 17057 and 92200?
461
What is the greatest common divisor of 332486 and 1122?
374
Calculate the greatest common factor of 108 and 846348.
12
What is the highest common divisor of 1109 and 547?
1
What is the highest common divisor of 10206 and 10962?
378
Calculate the highest common divisor of 351475 and 325.
25
What is the highest common divisor of 432 and 3078?
54
Calculate the highest common factor of 494560 and 36.
4
Calculate the highest common divisor of 287980 and 22610.
1190
Calculate the highest common factor of 17425 and 3995.
85
Calculate the highest common divisor of 6978 and 48.
6
What is the greatest common factor of 350829 and 765?
153
Calculate the highest common divisor of 5830 and 165.
55
Calculate the greatest common factor of 11387 and 2123.
193
Calculate the greatest common factor of 6597 and 99.
9
What is the greatest common factor of 1533015 and 76?
19
What is the greatest common factor of 1569 and 411?
3
Calculate the greatest common divisor of 472395 and 231.
231
Calculate the greatest common divisor of 556086 and 90.
6
Calculate the greatest common factor of 28 and 175903.
7
What is the highest common factor of 136 and 50626?
34
Calculate the greatest common factor of 378 and 138369.
21
What is the greatest common factor of 608 and 4096?
32
What is the greatest common divisor of 305244 and 9591?
417
What is the highest common factor of 67 and 1007?
1
Calculate the highest common factor of 96 and 73056.
96
Calculate the greatest common divisor of 625 and 2150.
25
What is the highest common factor of 804 and 31892?
268
What is the greatest common divisor of 2307 and 1380355?
769
What is the greatest common divisor of 7 and 1646155?
7
What is the greatest common divisor of 576 and 438?
6
Calculate the highest common factor of 2205 and 3195.
45
What is the highest common factor of 772975 and 875?
175
What is the highest common factor of 94714 and 322?
46
Calculate the greatest common divisor of 32 and 497312.
32
What is the greatest common divisor of 37211 and 586?
293
What is the greatest common divisor of 1320701 and 428?
107
Calculate the greatest common factor of 149216 and 512.
32
Calculate the greatest common divisor of 3278 and 46190.
298
Calculate the greatest common factor of 10356 and 156.
12
Calculate the greatest common factor of 13 and 15077.
1
Calculate the greatest common divisor of 170 and 288390.
10
Calculate the highest common factor of 3945 and 915.
15
Calculate the greatest common factor of 13224 and 56.
8
Calculate the greatest common factor of 1403 and 9665267.
1403
Calculate the greatest common divisor of 32608 and 544.
32
Calculate the highest common divisor of 333693 and 153.
153
What is the highest common factor of 95176 and 8?
8
What is the highest common divisor of 8648 and 136?
8
What is the greatest common divisor of 1512 and 25928?
56
What is the highest common divisor of 2537184 and 642?
642
What is the greatest common factor of 1592 and 21691?
199
Calculate the greatest common divis